atest common divisor of 1 and 230787.
1
What is the greatest common factor of 626 and 310496?
626
Calculate the highest common divisor of 48 and 3739952.
16
What is the highest common factor of 280439 and 92?
23
Calculate the greatest common divisor of 340 and 338980.
340
Calculate the greatest common divisor of 4750 and 40.
10
Calculate the highest common factor of 995 and 19104.
199
Calculate the greatest common factor of 44754 and 78.
6
What is the greatest common divisor of 304418 and 190?
38
What is the greatest common factor of 552 and 354?
6
Calculate the greatest common divisor of 1008456 and 312.
24
Calculate the greatest common factor of 11 and 330528.
11
What is the greatest common divisor of 261 and 1414794?
87
What is the highest common factor of 12419055 and 9?
9
Calculate the greatest common divisor of 47918 and 4850.
194
What is the greatest common divisor of 397109 and 268?
67
What is the highest common factor of 434815 and 95?
95
Calculate the greatest common factor of 27300 and 11102.
182
Calculate the greatest common factor of 389906 and 22.
22
What is the greatest common factor of 584493 and 195?
39
Calculate the greatest common factor of 40 and 1450464.
8
Calculate the highest common divisor of 345 and 83743.
23
What is the greatest common factor of 10714290 and 6?
6
What is the highest common divisor of 368 and 293894?
46
What is the highest common factor of 6016 and 2048?
128
What is the greatest common factor of 245 and 43785?
35
Calculate the greatest common factor of 1260 and 1061655.
105
Calculate the highest common factor of 729 and 1103139.
81
What is the greatest common factor of 11242 and 3626?
14
What is the highest common factor of 272 and 350098?
34
Calculate the greatest common divisor of 2052 and 28044.
684
Calculate the highest common divisor of 2164096 and 32.
32
What is the highest common factor of 9120 and 3660?
60
Calculate the greatest common divisor of 647 and 4010753.
647
What is the greatest common divisor of 84 and 574112?
28
What is the highest common divisor of 68 and 155465?
17
Calculate the greatest common divisor of 482 and 207983.
241
What is the greatest common factor of 933834 and 66?
66
Calculate the greatest common divisor of 1025 and 4346.
41
Calculate the highest common divisor of 228153 and 531.
177
What is the highest common factor of 14 and 3613526?
14
Calculate the highest common factor of 208 and 2800.
16
What is the highest common factor of 1602 and 47170?
178
Calculate the highest common divisor of 975 and 16861.
13
Calculate the greatest common divisor of 598535 and 35.
35
What is the highest common factor of 218148 and 1344?
84
Calculate the greatest common divisor of 760 and 1787900.
380
What is the greatest common divisor of 122 and 181658?
122
Calculate the greatest common factor of 32256 and 1764.
252
Calculate the greatest common factor of 43257 and 3.
3
Calculate the highest common divisor of 40033 and 10621.
817
Calculate the highest common divisor of 3852 and 227482.
214
What is the highest common divisor of 68495 and 105?
35
What is the greatest common factor of 14924 and 7364?
28
What is the greatest common factor of 2285 and 457?
457
Calculate the highest common divisor of 7772 and 1340.
268
What is the highest common factor of 392 and 341698?
14
Calculate the greatest common factor of 30 and 52605.
15
What is the highest common divisor of 2507 and 64528?
109
Calculate the greatest common divisor of 912396 and 2085.
417
What is the greatest common divisor of 9711 and 31941?
117
Calculate the highest common factor of 241388 and 62444.
932
What is the highest common divisor of 10976 and 65513?
343
What is the highest common divisor of 24426545 and 55?
55
What is the highest common factor of 2673 and 4939?
11
What is the highest common divisor of 4432 and 92?
4
What is the greatest common divisor of 962 and 271358?
74
What is the greatest common divisor of 131976 and 54?
54
What is the highest common factor of 72 and 204903?
9
What is the highest common divisor of 972 and 2414448?
972
Calculate the greatest common divisor of 288 and 827748.
36
What is the greatest common factor of 12596787 and 21?
21
What is the greatest common divisor of 115474 and 4?
2
What is the highest common factor of 2747 and 19270?
41
Calculate the greatest common divisor of 1702 and 158582.
74
Calculate the highest common divisor of 171 and 39654.
9
Calculate the highest common divisor of 8 and 66248.
8
What is the highest common divisor of 617049 and 666?
333
Calculate the greatest common divisor of 607460 and 25.
5
Calculate the greatest common divisor of 4023 and 17284.
149
Calculate the greatest common factor of 19241 and 15718.
271
Calculate the highest common divisor of 2140 and 280.
20
Calculate the greatest common divisor of 14 and 13300.
14
Calculate the greatest common divisor of 46 and 802.
2
Calculate the highest common factor of 10 and 3610.
10
Calculate the highest common factor of 719196 and 6.
6
What is the highest common divisor of 27181 and 2233?
77
What is the highest common factor of 245 and 2485?
35
Calculate the greatest common divisor of 2384069 and 262.
131
What is the greatest common divisor of 672 and 1080?
24
What is the highest common divisor of 24429 and 204?
51
What is the highest common divisor of 7677 and 963?
9
Calculate the greatest common divisor of 32718 and 168.
42
Calculate the greatest common divisor of 26334 and 1045.
209
What is the greatest common divisor of 8358 and 120?
6
Calculate the greatest common factor of 3245 and 825.
55
What is the greatest common divisor of 2670 and 46458?
534
What is the greatest common factor of 43057 and 28?
7
Calculate the greatest common divisor of 68 and 11036.
4
Calculate the highest common factor of 1565 and 10016.
313
What is the greatest common divisor of 320 and 842944?
64
Calculate the greatest common factor of 56628 and 260.
52
Calculate the greatest common factor of 176 and 114664.
88
Calculate the greatest common factor of 144735 and 15.
15
Calculate the highest common factor of 976 and 353251.
61
What is the greatest common divisor of 10065 and 10505?
55
What is the highest common factor of 5216 and 26569?
163
What is the highest common divisor of 333 and 1339992?
333
What is the highest common factor of 80416 and 2198?
14
What is the greatest common divisor of 62 and 371194?
62
Calculate the highest common divisor of 4404 and 708677.
367
Calculate the highest common divisor of 10286 and 2502.
278
Calculate the highest common divisor of 10 and 3372.
2
Calculate the highest common divisor of 106 and 3960266.
106
What is the highest common factor of 55984 and 1056?
16
Calculate the greatest common divisor of 6264 and 5832.
216
Calculate the greatest common factor of 96 and 108912.
48
Calculate the highest common factor of 4779 and 25842.
177
What is the highest common divisor of 1763 and 1968?
41
Calculate the highest common divisor of 200340 and 864.
108
What is the greatest common divisor of 5 and 80885?
5
What is the highest common divisor of 14726 and 2146?
74
Calculate the greatest common divisor of 44624 and 16.
16
Calculate the greatest common factor of 3801 and 2659433.
1267
What is the highest common divisor of 442800 and 20?
20
What is the highest common factor of 9603 and 143172?
873
What is the greatest common divisor of 14290112 and 16?
16
Calculate the greatest common divisor of 64 and 80.
16
What is the highest common factor of 153161 and 92194?
1487
What is the greatest common factor of 20 and 19672?
4
Calculate the greatest common divisor of 187 and 7249.
11
Calculate the highest common divisor of 628964 and 784.
196
What is the greatest common divisor of 234 and 8586?
18
Calculate the greatest common divisor of 12 and 706812.
12
What is the greatest common divisor of 22887 and 216?
9
Calculate the greatest common divisor of 4858991 and 17.
17
Calculate the highest common factor of 163 and 101875.
163
What is the highest common factor of 5154 and 162?
6
What is the highest common divisor of 736 and 864?
32
What is the greatest common divisor of 216295 and 1810?
905
What is the highest common divisor of 270881 and 10452?
871
What is the greatest common factor of 36 and 339192?
36
What is th